 h.
2
What is the remainder when 1272 is divided by ((-61815)/(-45))/13*(0 + 3 - -3)?
4
Let r be (8/(-12))/((-1)/6). Suppose 3*c = -r*p + 67, c = -p + 3*c + 14. Calculate the remainder when 110 is divided by p.
14
Let q(v) = 13*v**2 - 8*v + 14. Suppose 17*i - 18*i = 2*r + 7, 0 = 2*i + 3*r + 9. Calculate the remainder when q(i) is divided by 27.
26
Suppose 1318*m - 1329*m + 1859 = 0. Calculate the remainder when m is divided by 4.
1
Suppose 37*w - 38395 - 57715 = 53407. What is the remainder when w is divided by 23?
16
Let j be (4932/72)/(2/4 - 1). Let v = 166 + j. What is the remainder when 55 is divided by v?
26
Let a = 33496 + -33377. Calculate the remainder when 2734 is divided by a.
116
Calculate the remainder when 98/(-21)*1611/(-358) is divided by -5*(-3)/(-5)*-3.
3
Let n(f) = 184205*f + 368415. Let c be -1*(0 + -1)*-1. Let s = c - -8. Calculate the remainder when s is divided by n(-2).
2
Let w be 1 - 4 - (2 - (41 + 1)). Suppose -2*z + z = -5*y + w, 2*y - 2*z = 18. Calculate the remainder when y is divided by (-15)/6*12/(-10).
1
Suppose -4*f = -0*f - 4*h + 12, -2*h = f - 6. Let v be (2/4 + -1)*f/(-3). Suppose p = v, -c + 3*c = 5*p + 108. What is the remainder when c is divided by 28?
26
Let w be (-1)/(-1*8/472). Let d = -49 + w. What is the remainder when 36 is divided by d?
6
Suppose -468*b = 414*b - 209916. Suppose 5*h - 15 = -0*h + u, -h + 3 = 2*u. What is the remainder when b is divided by h + 1 - 2 - -14?
14
Let x(j) = -4*j - 155. Suppose 5*g - 226 = 5*h + 4*g, -5*h = g + 224. What is the remainder when 172 is divided by x(h)?
22
Let v = -2742 - -2792. What is the remainder when 51 is divided by v?
1
Let z = 127 + -152. Let q = z - -30. Calculate the remainder when (-2 - 1)/((-21)/406) is divided by q.
3
Let b be (-15)/(-3) + (9 - 270/10). Let o(z) = -z**3 - 13*z**2 - 6*z - 56. What is the remainder when 238 is divided by o(b)?
18
Suppose 4*f = 2*z - 41 - 25, 3*z - 87 = 3*f. Let y(d) = -20*d + z*d + 6 - d**2 - 12*d. What is the remainder when y(-6) is divided by 9?
3
Suppose -26*b = -25*b + 5. Calculate the remainder when 11 is divided by 10 - (b*6)/(-6).
1
Suppose 7697 = -15*w + 62. Let q = -361 - w. Calculate the remainder when q is divided by 49.
1
Calculate the remainder when 402*3/(-4)*120/(-135) is divided by 22.
4
Let n = 87 + -51. Let q be 24/(-8) + (-1)/(3/(-879)). Suppose 14 = -4*u - 4*i + q, -4*u = -2*i - 276. Calculate the remainder when u is divided by n.
33
Suppose 3*g - 2*r = 1107, -2*g - 5*r + 694 + 44 = 0. Calculate the remainder when g is divided by 74.
73
Suppose 8*s - 324 = -100. What is the remainder when 172 is divided by s + (7 + -7 - 3)?
22
Let g be (-1 + 1)/(8 - 7). Let y(c) = 2*c**2 + g*c + 4 - c**2 + 0 - c. What is the remainder when y(4) is divided by 10?
6
Suppose -3*r + 2169 = 3*h, -4*r - 98*h = -102*h - 2924. What is the remainder when r is divided by 61?
56
Let m = 135 + -130. Suppose 0 = 12*g + m*g - 3536. What is the remainder when g is divided by 11?
10
Suppose 17*n = 20*n - 126. What is the remainder when (n/(-68) + (-8)/(-68))*-514 is divided by 10?
7
Let f(u) = 10*u**2 + 132*u - 21. What is the remainder when f(-16) is divided by 104?
11
Let z(f) = -55*f + 43. Let x be z(8). Let t = -385 - x. Suppose 107 = 3*m - 19. What is the remainder when m is divided by t?
6
Suppose -4*w = 5*k - 1833, 11*w - 12*w = 3. Let d = 536 - k. Calculate the remainder when d is divided by 34.
31
Suppose -40*u + 21373 = -19947. Calculate the remainder when 3103 is divided by u.
4
Let k(i) = -7*i - 175. Suppose -8*r + 4*r + 80 = 0. Calculate the remainder when k(-39) is divided by r.
18
Suppose 15*g - 3004 + 2779 = 0. Suppose 340 = 3*w + w. What is the remainder when w is divided by g?
10
Let a = -558 - -988. Let l = 453 - a. What is the remainder when l is divided by (1 + -2)/((-2)/22)?
1
Let z be 2 - -1*(-2 + 2)/1. Let x(y) = -1 + 25*y**z - 4 + 4*y**3 - 7*y - 16*y**2 - 5*y**3. Calculate the remainder when x(8) is divided by 1.
0
Suppose -j + 2 = 35. Let n = 48 + j. What is the remainder when (-1)/(2/(-6)) + 160/4 is divided by n?
13
Let j = -10366 + 10416. Let h(u) = 25*u - 7. What is the remainder when h(6) is divided by j?
43
Suppose 5*u - 4*c - 680 = -3*c, -2*u + c + 275 = 0. Let w = u + -121. Calculate the remainder when 614 is divided by w.
12
Suppose -2*r = -16*q + 17*q - 47, -2*q + 49 = -5*r. Calculate the remainder when 1775 is divided by q.
36
Let b = 1478 + -1479. Suppose 117 = -2*c + 3*p, p = 3*c - c + 127. Calculate the remainder when c/(9/3)*b is divided by 6.
4
Suppose -d + 198 = 5*n, 590*d - 144 = -3*n + 593*d. What is the remainder when 4262 is divided by n?
39
Suppose 12*g - 10*g - 18 = 0. Suppose 7*w = g*w - 6. Suppose -7 - 4 = -3*h - x, w*x = 4*h - 32. Calculate the remainder when 23 is divided by h.
3
What is the remainder when (5/10)/(8/9680) is divided by 10?
5
What is the remainder when 403 is divided by 90 + 1 + -120 + 129?
3
Suppose -z - 15 = -3*p, -p + 5*z = -0*z - 19. Suppose p*d - 6*r + 5*r - 412 = 0, 3*r = -4*d + 396. What is the remainder when d is divided by 26?
24
Suppose -5*l + 188 - 43 = 0. Let h = -31 + l. Let x(a) = -36*a + 4. Calculate the remainder when x(h) is divided by 20.
16
Let s(k) be the second derivative of -2*k**3/3 - 11*k**2/2 + 33*k. Calculate the remainder when 141 is divided by s(-6).
11
Suppose 10*z - 4*z = 2790. Let u = z - 410. What is the remainder when 108 is divided by u?
53
Let q = 423 + -727. Let a = -289 - q. Calculate the remainder when (-12)/48 - 698/(-8) is divided by a.
12
Suppose -x - g = -141, -x + 64 + 59 = 4*g. Calculate the remainder when 574 is divided by x.
133
Let n(q) = -4*q + 17. Let b be n(4). Suppose h - 9 = -b. Suppose -202*r = -187*r - 510. What is the remainder when r is divided by h?
2
Let f = -5968 - -5971. Let p = 0 - 0. Suppose 4*i + v + 0 = 3, p = -f*i - v + 2. What is the remainder when 1 is divided by i?
0
Let m(w) = 9*w + 362. Calculate the remainder when 246 is divided by m(-30).
62
Suppose -5*g + 2*g - 3*j + 15 = 0, -j - 1 = 0. Calculate the remainder when 431 is divided by (1 - 2)/((-1)/g)*9.
53
Let g = -272 + 289. Let c = g - 11. Suppose -4*y + 6*z = 2*z - 84, -92 = -4*y - 4*z. What is the remainder when y is divided by c?
4
Let n = -661 + 702. Suppose 38*q - 33*q - y - n = 0, 5*q - 53 = -2*y. Let b = 8 - 2. Calculate the remainder when q is divided by b.
3
Let p = 320 + -215. Calculate the remainder when 105 is divided by p.
0
Suppose 0 = 29*i + 48*i + 1778 - 25417. Calculate the remainder when 929 is divided by i.
8
What is the remainder when (-4906)/(-16) - 294/(-784) is divided by 167?
140
Let j(s) = s**2 - 47*s - 401. What is the remainder when 1226 is divided by j(-23)?
17
Let g be (-417)/6*(-8)/4. Let m(a) = -8*a + 0*a - g + 139. What is the remainder when 29 is divided by m(-2)?
13
Let d(q) = -5*q - 49. Let i be d(-17). Let g = i + 52. What is the remainder when g is divided by 31?
26
Suppose -364 - 164 = -48*m. Let f = -168 + 252. What is the remainder when f is divided by m?
7
Let c = -92 - -94. Suppose 6*t + 3*v - 295 = c*t, 3*t - 219 = -3*v. Calculate the remainder when t is divided by 28.
20
Suppose 31*s - 703604 + 702798 = 0. Suppose i - 86 - 8 = 0. Calculate the remainder when i is divided by s.
16
Suppose w = -0*s - 4*s + 249, 0 = -w + 1. What is the remainder when s is divided by 49?
13
Let u(a) = -65*a - 1300. Let f be u(-20). Let h be 274 + (1 + -1 - -1). Suppose -16*q + 5*q + h = f. What is the remainder when 99 is divided by q?
24
Suppose -2*m = -2 - 2. Suppose 2*r + 2*r = -4*w + 124, -m*w - 4 = 0. Let q = -16015 - -16033. What is the remainder when r is divided by q?
15
Suppose 55*i - 58*i + 381 = 0. Let b = i + -96. Calculate the remainder when 98 is divided by b.
5
Let h = -150 + 167. Suppose -37 = -3*y + h. Let l(q) = q**3 - q**2 + 10. Calculate the remainder when y is divided by l(0).
8
Suppose -2*g - x + 4*x = -31, 0 = -3*g + x + 43. Let w(q) = q**3 - 7*q**2 - 17*q - 4. Calculate the remainder when g is divided by w(9).
4
Suppose 0 = 37*p - 44*p + 7345 - 632. Calculate the remainder when p is divided by 96.
95
Suppose 0 = 20*b - 42*b + 6292. Let x = b - 274. Suppose -3*u - u = -708. What is the remainder when u is divided by x?
9
Let n = -2597 + 2680. Calculate the remainder when 1074 is divided 